{"id":304,"date":"2023-09-26T11:00:45","date_gmt":"2023-09-26T11:00:45","guid":{"rendered":"https:\/\/blog.yoopies.pl\/szukam-opiekunki-do-osoby-starszej\/zasilek-pielegnacyjny\/dodatek-pielegnacyjny\/"},"modified":"2025-03-27T08:57:42","modified_gmt":"2025-03-27T08:57:42","slug":"dodatek-pielegnacyjny","status":"publish","type":"page","link":"https:\/\/yoopies.pl\/c\/zasilek-pielegnacyjny\/dodatek-pielegnacyjny\/","title":{"rendered":"Dodatek piel\u0119gnacyjny w 2023 roku &#8211; informacje na temat \u015bwiadczenia, ile wynosi, kto wyp\u0142aca oraz komu przys\u0142uguje dodatek piel\u0119gnacyjny"},"content":{"rendered":"<p><p>Dodatek piel\u0119gnacyjny, cz\u0119sto mylony z zasi\u0142kiem piel\u0119gnacyjnym stanowi form\u0119 pomocy dla os&oacute;b starszych i niepe\u0142nosprawnych. W poni\u017cszym artykule postaramy si\u0119 odpowiedzie\u0107 na najcz\u0119\u015bciej zadawane pytania, rozwia\u0107 w\u0105tpliwo\u015bci dotycz\u0105ce dodatku piel\u0119gnacyjnego tj. gdzie i w jakim terminie z\u0142o\u017cy\u0107 wniosek, ile wynosi jego kwota oraz kto mo\u017ce stara\u0107 si\u0119 o przyznanie \u015bwiadczenia.<\/p>\n<h2><strong>Dodatek piel\u0119gnacyjny w 2023 roku &#8211; informacje og&oacute;lne<\/strong><\/h2>\n<h3>Czym jest dodatek piel\u0119gnacyjny?<\/h3>\n<p>Dodatek piel\u0119gnacyjny jest comiesi\u0119cznym \u015bwiadczeniem pieni\u0119\u017cnym wyp\u0142acanym \u0142\u0105cznie z <a href=\"https:\/\/yoopies.pl\/c\/emerytura\">emerytur\u0105<\/a> lub rent\u0105 jako pomoc ze strony pa\u0144stwa w cz\u0119\u015bciowym pokryciu koszt&oacute;w wynikaj\u0105cych z ca\u0142kowitej b\u0105d\u017a ograniczonej niezdolno\u015bci do samodzielnej egzystencji.<\/p>\n<p class=\"block-img\"><img decoding=\"async\" src=\"https:\/\/yoopies.pl\/c\/wp-content\/uploads\/sites\/2\/2023\/09\/4686cdf5-e9f7-4e8a-a092-05b1c989d377_Design128229.jpg\" alt=\"Dodatek piel\u0119gnacyjny: informacje og&oacute;lne, ile wynosi \u015bwiadczenie i kto je wyp\u0142aca\"><\/p>\n<h2>Jak otrzyma\u0107 dodatek piel\u0119gnacyjny w 2023 roku krok po kroku?<\/h2>\n<p>W celu uzyskania dodatku piel\u0119gnacyjnego niezb\u0119dne jest z\u0142o\u017cenie do Zak\u0142adu Ubezpiecze\u0144 Spo\u0142ecznych lub Kasy Rolniczego Ubezpieczenia Spo\u0142ecznego dokument&oacute;w:<\/p>\n<ul>\n<li>za\u015bwiadczenia o stanie zdrowia na formularzu OL-9;<\/li>\n<li>dokumentacji medycznej wraz z orzeczeniem o ca\u0142kowitej niezdolno\u015bci do pracy i samodzielnej egzystencji;<\/li>\n<li>wniosku o przyznanie dodatku piel\u0119gnacyjnego.<\/li>\n<\/ul>\n<h2>Kto mo\u017ce otrzyma\u0107 dodatek piel\u0119gnacyjny?<\/h2>\n<p>O dodatek piel\u0119gnacyjny mog\u0105 stara\u0107 si\u0119 osoby uprawnione do pobierania emerytury lub renty, kt&oacute;re uzyska\u0142y orzeczenie lekarskie i zosta\u0142y uznane za niezdolne do pracy i samodzielnej egzystencji. Dodatek przys\u0142uguje:<\/p>\n<ul>\n<li>niepe\u0142nosprawnemu dziecku;<\/li>\n<li>osobie niepe\u0142nosprawnej w wieku powy\u017cej 16 roku \u017cycia, je\u017celi ta legitymuje si\u0119 orzeczeniem o znacznym stopniu niepe\u0142nosprawno\u015bci;<\/li>\n<li>osobie niepe\u0142nosprawnej w wieku powy\u017cej 16 roku \u017cycia, je\u017celi ta legitymuje si\u0119 orzeczeniem o umiarkowanym stopniu niepe\u0142nosprawno\u015bci, w przypadku gdy niepe\u0142nosprawno\u015b\u0107 powsta\u0142a w wieku do uko\u0144czenia 21 roku \u017cycia;<\/li>\n<li>osobie, kt&oacute;ra uko\u0144czy\u0142a 75 lat.<\/li>\n<\/ul>\n<h3>Uko\u0144czenie 75. roku \u017cycia a dodatek piel\u0119gnacyjny<\/h3>\n<p>Osoby, kt&oacute;re uko\u0144czy\u0142y 75. rok \u017cycia nie musz\u0105 sk\u0142ada\u0107 dodatkowych dokument&oacute;w o otrzymanie dodatku, poniewa\u017c \u015bwiadczenie jest przyznawane automatycznie.<\/p>\n<\/p>\n<p class=\"highlighted\">\n<p>Warto wiedzie\u0107, \u017ce dodatek<strong> nie jest przyznawany<\/strong> osobom, kt&oacute;re zosta\u0142y umieszczone w instytucjach zapewniaj\u0105cych ca\u0142odobow\u0105, nieodp\u0142atn\u0105 opiek\u0119 i utrzymanie.<\/p>\n<\/p>\n<p><h2>Ile wynosi dodatek piel\u0119gnacyjny w 2023 roku?<\/h2>\n<p>Ile wynosi dodatek piel\u0119gnacyjny po 75 roku \u017cycia w 2023 roku? Kwota wyp\u0142acana jako dodatek piel\u0119gnacyjny od 1 marca 2022 roku do 28 lutego 2023 roku wynosi\u0142a odpowiednio <strong>256,44 z\u0142. <\/strong>Od 1 marca 2023 roku kwota dodatku wynosi <strong>294,39 z\u0142.<\/strong><\/p>\n<\/p>\n<p><a class=\"button\" href=\"https:\/\/yoopies.pl\/opieka-seniora\">Sprawd\u017a og\u0142oszenia dost\u0119pne na Yoopies &#8211; Oferty pracy, pomoc dla domu<\/a><\/p>\n<p><h3>Waloryzacja dodatku piel\u0119gnacyjnego<\/h3>\n<p>Wraz z waloryzacj\u0105 \u015bwiadcze\u0144 emerytalnych kwota wyp\u0142acanego dodatku piel\u0119gnacyjnego ulega zwi\u0119kszeniu. <strong>Zmiana kwoty dodatku ma miejsce 1 marca ka\u017cdego roku.<\/strong> Jednocze\u015bnie nale\u017cy pami\u0119ta\u0107, \u017ce dodatek piel\u0119gnacyjny jest \u015bwiadczeniem wolnym od podatku dochodowego.<\/p>\n<h2><strong>Dokumenty wymagane do otrzymania dodatku &#8211; wniosek o przyznanie dodatku<\/strong><\/h2>\n<p>Osobom, kt&oacute;re uko\u0144czy\u0142y 75. rok \u017cycia dodatek piel\u0119gnacyjny jest przyznawany bez sk\u0142adania jakichkolwiek dokument&oacute;w, innymi s\u0142owy przys\u0142uguje w spos&oacute;b automatyczny. Dla os&oacute;b, kt&oacute;re posiadaj\u0105 orzeczenie o niezdolno\u015bci do pracy i samodzielnej egzystencji niezb\u0119dne jest z\u0142o\u017cenie wymaganych dokument&oacute;w w dowolnej jednostce ZUS. Dokumenty do przyznania dodatku piel\u0119gnacyjnego to:<\/p>\n<ul>\n<li>za\u015bwiadczenie o stanie zdrowia na formularzu OL-9;<\/li>\n<li>dokumentacja medyczna wraz z orzeczeniem o ca\u0142kowitej niezdolno\u015bci do pracy i samodzielnej egzystencji;<\/li>\n<li>wniosek przyznanie dodatku piel\u0119gnacyjnego.<\/li>\n<\/ul>\n<h2>Kto wyp\u0142aca dodatek piel\u0119gnacyjny?<\/h2>\n<p>Organem przyznaj\u0105cym i wyp\u0142acaj\u0105cym \u015bwiadczenie jest Zak\u0142ad Ubezpiecze\u0144 Spo\u0142ecznych. \u015awiadczenie jest wyp\u0142acane raz w miesi\u0105cu wraz z emerytur\u0105 lub rent\u0105.<\/p>\n<h3>Czy dodatek piel\u0119gnacyjny mo\u017ce by\u0107 wyp\u0142acany wstecz?<\/h3>\n<p>Zgodnie z art. 24 ust. 2 ustawy o \u015bwiadczeniach rodzinnych, prawo do \u015bwiadcze\u0144 rodzinnych ustala si\u0119 od miesi\u0105ca, w kt&oacute;rym prawid\u0142owo wype\u0142niony wniosek wp\u0142yn\u0105\u0142 do urz\u0119du. Wyj\u0105tek od powy\u017cszej regu\u0142y o przyznaniu \u015bwiadczenia wstecz, je\u017celi w okresie trzech miesi\u0119cy, licz\u0105c od dnia wydania orzeczenia o niezdolno\u015bci do pracy i samodzielnej egzystencji zostanie z\u0142o\u017cony wniosek o ustalenie prawa do \u015bwiadczenia.<\/p>\n<h2>Dodatek piel\u0119gnacyjny a zasi\u0142ek piel\u0119gnacyjny<\/h2>\n<p><strong>Dodatek piel\u0119gnacyjny oraz <a href=\"https:\/\/yoopies.pl\/c\/szukam-opiekunki-do-osoby-starszej\/zasilek-pielegnacyjny\">zasi\u0142ek piel\u0119gnacyjny<\/a> stanowi\u0105 dwa r&oacute;\u017cne \u015bwiadczenia<\/strong>, kt&oacute;re przys\u0142uguj\u0105 danej osobie na podstawie dw&oacute;ch r&oacute;\u017cnych ustaw, po spe\u0142nieniu okre\u015blonych w nich warunk&oacute;w. Nale\u017cy mie\u0107 na uwadze fakt, \u017ce osoba uprawniona do otrzymania dodatku piel\u0119gnacyjnego nie mo\u017ce otrzyma\u0107 zasi\u0142ku piel\u0119gnacyjnego.<\/p>\n<h2>Najcz\u0119\u015bciej zadawane pytania &#8211; dodatek piel\u0119gnacyjny<\/h2>\n<h3>Czy dodatek piel\u0119gnacyjny jest wliczany do dochodu?<\/h3>\n<p>Dodatek piel\u0119gnacyjny wlicza si\u0119 do sumy miesi\u0119cznych dochod&oacute;w w rozumieniu art.&nbsp;8 ust.&nbsp;3 ustawy o pomocy spo\u0142ecznej.<\/p>\n<h3>Czy dodatek piel\u0119gnacyjny jest opodatkowany?<\/h3>\n<p>Osoby pobieraj\u0105ce dodatek nie musz\u0105 wykazywa\u0107 otrzymanych kwot w rozliczeniu PIT i p\u0142aci\u0107 podatku dochodowego, innymi s\u0142owy <strong>dodatek piel\u0119gnacyjny jest \u015bwiadczeniem wolnym od podatku.<\/strong><\/p>\n<h3>Czy mo\u017cna odwo\u0142a\u0107 si\u0119 od decyzji o odmowie przyznania dodatku piel\u0119gnacyjnego?<\/h3>\n<p><strong>Tak, <\/strong>mo\u017cna odwo\u0142a\u0107 si\u0119 od decyzji o odmowie przyznania dodatku piel\u0119gnacyjnego. Procedura umo\u017cliwia osobom, kt&oacute;re uzna\u0142y, \u017ce ich wniosek zosta\u0142 nies\u0142usznie odrzucony ponowne rozpatrzenie sprawy. Odwo\u0142anie od decyzji nale\u017cy wnie\u015b\u0107 pisemnie za po\u015brednictwem jednostki organizacyjnej ZUS lub KRUS.<\/p>\n<h2>Podsumowanie, dodatek piel\u0119gnacyjny 2023<\/h2>\n<p>Podsumowuj\u0105c, zrozumienie kryteri&oacute;w przyznawania, procedur aplikacyjnych oraz aktualnych kwot \u015bwiadczenia jest kluczowe, aby w odpowiedni spos&oacute;b zadba\u0107 o bliskich i zapewni\u0107 im godziw\u0105 opiek\u0119. Proces ubiegania si\u0119 o dodatek piel\u0119gnacyjny jest prosty i wymaga przedstawienia wy\u017cej wymienionych dokument&oacute;w. Przed rozpocz\u0119ciem procesu wnioskowania, warto skonsultowa\u0107 si\u0119 z lokalnym urz\u0119dem lub agencj\u0105, aby uzyska\u0107 dok\u0142adne informacje i wsparcie w procesie.<\/p>\n<h2>Podstawa prawna &#8211; dodatek piel\u0119gnacyjny<\/h2>\n<p>Ustawa z dnia 17 grudnia 1998 r. o emeryturach i rentach z Funduszu ubezpiecze\u0144 Spo\u0142ecznych ( Dz.U z 2022 r. poz.&nbsp;504)<br \/>\nart. 16 ust. 6&ndash;8 ustawy z dnia 28 listopada 2003 r. o \u015bwiadczeniach rodzinnych (Dz.U. z 2022 r. poz. 615)<\/p><\/p>\n","protected":false},"excerpt":{"rendered":"<p>Dodatek piel\u0119gnacyjny, cz\u0119sto mylony z zasi\u0142kiem piel\u0119gnacyjnym stanowi form\u0119 pomocy dla os&oacute;b starszych i niepe\u0142nosprawnych. &hellip; <\/p>\n","protected":false},"author":0,"featured_media":306,"parent":199,"menu_order":0,"comment_status":"closed","ping_status":"closed","template":"","meta":{"_acf_changed":false,"footnotes":""},"class_list":["post-304","page","type-page","status-publish","has-post-thumbnail","hentry"],"acf":[],"yoast_head":"<!-- This site is optimized with the Yoast SEO plugin v26.9 - https:\/\/yoast.com\/product\/yoast-seo-wordpress\/ -->\n<title>Dodatek Piel\u0119gnacyjny 2023 - Komu przys\u0142uguje i ile wynosi?<\/title>\n<meta name=\"description\" content=\"Sprawd\u017a, czym jest dodatek piel\u0119gnacyjny, ile wynosi kwota \u015bwiadczenia oraz jak stara\u0107 si\u0119 o wyp\u0142ac\u0119 dodatku w 2023 roku.\" \/>\n<meta name=\"robots\" content=\"index, follow, max-snippet:-1, max-image-preview:large, max-video-preview:-1\" \/>\n<link rel=\"canonical\" href=\"https:\/\/yoopies.pl\/c\/zasilek-pielegnacyjny\/dodatek-pielegnacyjny\/\" \/>\n<meta property=\"og:locale\" content=\"pl_PL\" \/>\n<meta property=\"og:type\" content=\"article\" \/>\n<meta property=\"og:title\" content=\"Dodatek Piel\u0119gnacyjny 2023 - Komu przys\u0142uguje i ile wynosi?\" \/>\n<meta property=\"og:description\" content=\"Sprawd\u017a, czym jest dodatek piel\u0119gnacyjny, ile wynosi kwota \u015bwiadczenia oraz jak stara\u0107 si\u0119 o wyp\u0142ac\u0119 dodatku w 2023 roku.\" \/>\n<meta property=\"og:url\" content=\"https:\/\/yoopies.pl\/c\/zasilek-pielegnacyjny\/dodatek-pielegnacyjny\/\" \/>\n<meta property=\"og:site_name\" content=\"Yoopies Polska\" \/>\n<meta property=\"article:modified_time\" content=\"2025-03-27T08:57:42+00:00\" \/>\n<meta property=\"og:image\" content=\"https:\/\/yoopies.pl\/c\/wp-content\/uploads\/sites\/2\/2023\/09\/4686cdf5-e9f7-4e8a-a092-05b1c989d377-design128229.jpg\" \/>\n\t<meta property=\"og:image:width\" content=\"1200\" \/>\n\t<meta property=\"og:image:height\" content=\"1200\" \/>\n\t<meta property=\"og:image:type\" content=\"image\/jpeg\" \/>\n<meta name=\"twitter:card\" content=\"summary_large_image\" \/>\n<meta name=\"twitter:label1\" content=\"Szacowany czas czytania\" \/>\n\t<meta name=\"twitter:data1\" content=\"5 minut\" \/>\n<script type=\"application\/ld+json\" class=\"yoast-schema-graph\">{\"@context\":\"https:\/\/schema.org\",\"@graph\":[{\"@type\":\"WebPage\",\"@id\":\"https:\/\/yoopies.pl\/c\/zasilek-pielegnacyjny\/dodatek-pielegnacyjny\/\",\"url\":\"https:\/\/yoopies.pl\/c\/zasilek-pielegnacyjny\/dodatek-pielegnacyjny\/\",\"name\":\"Dodatek Piel\u0119gnacyjny 2023 - Komu przys\u0142uguje i ile wynosi?\",\"isPartOf\":{\"@id\":\"https:\/\/yoopies.pl\/c\/#website\"},\"primaryImageOfPage\":{\"@id\":\"https:\/\/yoopies.pl\/c\/zasilek-pielegnacyjny\/dodatek-pielegnacyjny\/#primaryimage\"},\"image\":{\"@id\":\"https:\/\/yoopies.pl\/c\/zasilek-pielegnacyjny\/dodatek-pielegnacyjny\/#primaryimage\"},\"thumbnailUrl\":\"https:\/\/yoopies.pl\/c\/wp-content\/uploads\/sites\/2\/2023\/09\/4686cdf5-e9f7-4e8a-a092-05b1c989d377-design128229.jpg\",\"datePublished\":\"2023-09-26T11:00:45+00:00\",\"dateModified\":\"2025-03-27T08:57:42+00:00\",\"description\":\"Sprawd\u017a, czym jest dodatek piel\u0119gnacyjny, ile wynosi kwota \u015bwiadczenia oraz jak stara\u0107 si\u0119 o wyp\u0142ac\u0119 dodatku w 2023 roku.\",\"breadcrumb\":{\"@id\":\"https:\/\/yoopies.pl\/c\/zasilek-pielegnacyjny\/dodatek-pielegnacyjny\/#breadcrumb\"},\"inLanguage\":\"pl-PL\",\"potentialAction\":[{\"@type\":\"ReadAction\",\"target\":[\"https:\/\/yoopies.pl\/c\/zasilek-pielegnacyjny\/dodatek-pielegnacyjny\/\"]}]},{\"@type\":\"ImageObject\",\"inLanguage\":\"pl-PL\",\"@id\":\"https:\/\/yoopies.pl\/c\/zasilek-pielegnacyjny\/dodatek-pielegnacyjny\/#primaryimage\",\"url\":\"https:\/\/yoopies.pl\/c\/wp-content\/uploads\/sites\/2\/2023\/09\/4686cdf5-e9f7-4e8a-a092-05b1c989d377-design128229.jpg\",\"contentUrl\":\"https:\/\/yoopies.pl\/c\/wp-content\/uploads\/sites\/2\/2023\/09\/4686cdf5-e9f7-4e8a-a092-05b1c989d377-design128229.jpg\",\"width\":1200,\"height\":1200},{\"@type\":\"BreadcrumbList\",\"@id\":\"https:\/\/yoopies.pl\/c\/zasilek-pielegnacyjny\/dodatek-pielegnacyjny\/#breadcrumb\",\"itemListElement\":[{\"@type\":\"ListItem\",\"position\":1,\"name\":\"Home\",\"item\":\"https:\/\/yoopies.pl\/c\/\"},{\"@type\":\"ListItem\",\"position\":2,\"name\":\"Zasi\u0142ek piel\u0119gnacyjny w 2024\/25 roku | Ile wynosi, kto wyp\u0142aca oraz komu przys\u0142uguje \u015bwiadczenie\",\"item\":\"https:\/\/yoopies.pl\/c\/zasilek-pielegnacyjny\/\"},{\"@type\":\"ListItem\",\"position\":3,\"name\":\"Dodatek piel\u0119gnacyjny w 2023 roku &#8211; informacje na temat \u015bwiadczenia, ile wynosi, kto wyp\u0142aca oraz komu przys\u0142uguje dodatek piel\u0119gnacyjny\"}]},{\"@type\":\"WebSite\",\"@id\":\"https:\/\/yoopies.pl\/c\/#website\",\"url\":\"https:\/\/yoopies.pl\/c\/\",\"name\":\"Yoopies Polska\",\"description\":\"\",\"publisher\":{\"@id\":\"https:\/\/yoopies.pl\/c\/#organization\"},\"potentialAction\":[{\"@type\":\"SearchAction\",\"target\":{\"@type\":\"EntryPoint\",\"urlTemplate\":\"https:\/\/yoopies.pl\/c\/?s={search_term_string}\"},\"query-input\":{\"@type\":\"PropertyValueSpecification\",\"valueRequired\":true,\"valueName\":\"search_term_string\"}}],\"inLanguage\":\"pl-PL\"},{\"@type\":\"Organization\",\"@id\":\"https:\/\/yoopies.pl\/c\/#organization\",\"name\":\"Yoopies Polska\",\"url\":\"https:\/\/yoopies.pl\/c\/\",\"logo\":{\"@type\":\"ImageObject\",\"inLanguage\":\"pl-PL\",\"@id\":\"https:\/\/yoopies.pl\/c\/#\/schema\/logo\/image\/\",\"url\":\"https:\/\/yoopies.pl\/c\/wp-content\/uploads\/sites\/2\/2025\/04\/cropped-Logo_Yoopies-2.png\",\"contentUrl\":\"https:\/\/yoopies.pl\/c\/wp-content\/uploads\/sites\/2\/2025\/04\/cropped-Logo_Yoopies-2.png\",\"width\":512,\"height\":512,\"caption\":\"Yoopies Polska\"},\"image\":{\"@id\":\"https:\/\/yoopies.pl\/c\/#\/schema\/logo\/image\/\"}}]}<\/script>\n<!-- \/ Yoast SEO plugin. -->","yoast_head_json":{"title":"Dodatek Piel\u0119gnacyjny 2023 - Komu przys\u0142uguje i ile wynosi?","description":"Sprawd\u017a, czym jest dodatek piel\u0119gnacyjny, ile wynosi kwota \u015bwiadczenia oraz jak stara\u0107 si\u0119 o wyp\u0142ac\u0119 dodatku w 2023 roku.","robots":{"index":"index","follow":"follow","max-snippet":"max-snippet:-1","max-image-preview":"max-image-preview:large","max-video-preview":"max-video-preview:-1"},"canonical":"https:\/\/yoopies.pl\/c\/zasilek-pielegnacyjny\/dodatek-pielegnacyjny\/","og_locale":"pl_PL","og_type":"article","og_title":"Dodatek Piel\u0119gnacyjny 2023 - Komu przys\u0142uguje i ile wynosi?","og_description":"Sprawd\u017a, czym jest dodatek piel\u0119gnacyjny, ile wynosi kwota \u015bwiadczenia oraz jak stara\u0107 si\u0119 o wyp\u0142ac\u0119 dodatku w 2023 roku.","og_url":"https:\/\/yoopies.pl\/c\/zasilek-pielegnacyjny\/dodatek-pielegnacyjny\/","og_site_name":"Yoopies Polska","article_modified_time":"2025-03-27T08:57:42+00:00","og_image":[{"width":1200,"height":1200,"url":"https:\/\/yoopies.pl\/c\/wp-content\/uploads\/sites\/2\/2023\/09\/4686cdf5-e9f7-4e8a-a092-05b1c989d377-design128229.jpg","type":"image\/jpeg"}],"twitter_card":"summary_large_image","twitter_misc":{"Szacowany czas czytania":"5 minut"},"schema":{"@context":"https:\/\/schema.org","@graph":[{"@type":"WebPage","@id":"https:\/\/yoopies.pl\/c\/zasilek-pielegnacyjny\/dodatek-pielegnacyjny\/","url":"https:\/\/yoopies.pl\/c\/zasilek-pielegnacyjny\/dodatek-pielegnacyjny\/","name":"Dodatek Piel\u0119gnacyjny 2023 - Komu przys\u0142uguje i ile wynosi?","isPartOf":{"@id":"https:\/\/yoopies.pl\/c\/#website"},"primaryImageOfPage":{"@id":"https:\/\/yoopies.pl\/c\/zasilek-pielegnacyjny\/dodatek-pielegnacyjny\/#primaryimage"},"image":{"@id":"https:\/\/yoopies.pl\/c\/zasilek-pielegnacyjny\/dodatek-pielegnacyjny\/#primaryimage"},"thumbnailUrl":"https:\/\/yoopies.pl\/c\/wp-content\/uploads\/sites\/2\/2023\/09\/4686cdf5-e9f7-4e8a-a092-05b1c989d377-design128229.jpg","datePublished":"2023-09-26T11:00:45+00:00","dateModified":"2025-03-27T08:57:42+00:00","description":"Sprawd\u017a, czym jest dodatek piel\u0119gnacyjny, ile wynosi kwota \u015bwiadczenia oraz jak stara\u0107 si\u0119 o wyp\u0142ac\u0119 dodatku w 2023 roku.","breadcrumb":{"@id":"https:\/\/yoopies.pl\/c\/zasilek-pielegnacyjny\/dodatek-pielegnacyjny\/#breadcrumb"},"inLanguage":"pl-PL","potentialAction":[{"@type":"ReadAction","target":["https:\/\/yoopies.pl\/c\/zasilek-pielegnacyjny\/dodatek-pielegnacyjny\/"]}]},{"@type":"ImageObject","inLanguage":"pl-PL","@id":"https:\/\/yoopies.pl\/c\/zasilek-pielegnacyjny\/dodatek-pielegnacyjny\/#primaryimage","url":"https:\/\/yoopies.pl\/c\/wp-content\/uploads\/sites\/2\/2023\/09\/4686cdf5-e9f7-4e8a-a092-05b1c989d377-design128229.jpg","contentUrl":"https:\/\/yoopies.pl\/c\/wp-content\/uploads\/sites\/2\/2023\/09\/4686cdf5-e9f7-4e8a-a092-05b1c989d377-design128229.jpg","width":1200,"height":1200},{"@type":"BreadcrumbList","@id":"https:\/\/yoopies.pl\/c\/zasilek-pielegnacyjny\/dodatek-pielegnacyjny\/#breadcrumb","itemListElement":[{"@type":"ListItem","position":1,"name":"Home","item":"https:\/\/yoopies.pl\/c\/"},{"@type":"ListItem","position":2,"name":"Zasi\u0142ek piel\u0119gnacyjny w 2024\/25 roku | Ile wynosi, kto wyp\u0142aca oraz komu przys\u0142uguje \u015bwiadczenie","item":"https:\/\/yoopies.pl\/c\/zasilek-pielegnacyjny\/"},{"@type":"ListItem","position":3,"name":"Dodatek piel\u0119gnacyjny w 2023 roku &#8211; informacje na temat \u015bwiadczenia, ile wynosi, kto wyp\u0142aca oraz komu przys\u0142uguje dodatek piel\u0119gnacyjny"}]},{"@type":"WebSite","@id":"https:\/\/yoopies.pl\/c\/#website","url":"https:\/\/yoopies.pl\/c\/","name":"Yoopies Polska","description":"","publisher":{"@id":"https:\/\/yoopies.pl\/c\/#organization"},"potentialAction":[{"@type":"SearchAction","target":{"@type":"EntryPoint","urlTemplate":"https:\/\/yoopies.pl\/c\/?s={search_term_string}"},"query-input":{"@type":"PropertyValueSpecification","valueRequired":true,"valueName":"search_term_string"}}],"inLanguage":"pl-PL"},{"@type":"Organization","@id":"https:\/\/yoopies.pl\/c\/#organization","name":"Yoopies Polska","url":"https:\/\/yoopies.pl\/c\/","logo":{"@type":"ImageObject","inLanguage":"pl-PL","@id":"https:\/\/yoopies.pl\/c\/#\/schema\/logo\/image\/","url":"https:\/\/yoopies.pl\/c\/wp-content\/uploads\/sites\/2\/2025\/04\/cropped-Logo_Yoopies-2.png","contentUrl":"https:\/\/yoopies.pl\/c\/wp-content\/uploads\/sites\/2\/2025\/04\/cropped-Logo_Yoopies-2.png","width":512,"height":512,"caption":"Yoopies Polska"},"image":{"@id":"https:\/\/yoopies.pl\/c\/#\/schema\/logo\/image\/"}}]}},"_links":{"self":[{"href":"https:\/\/yoopies.pl\/c\/wp-json\/wp\/v2\/pages\/304","targetHints":{"allow":["GET"]}}],"collection":[{"href":"https:\/\/yoopies.pl\/c\/wp-json\/wp\/v2\/pages"}],"about":[{"href":"https:\/\/yoopies.pl\/c\/wp-json\/wp\/v2\/types\/page"}],"replies":[{"embeddable":true,"href":"https:\/\/yoopies.pl\/c\/wp-json\/wp\/v2\/comments?post=304"}],"version-history":[{"count":1,"href":"https:\/\/yoopies.pl\/c\/wp-json\/wp\/v2\/pages\/304\/revisions"}],"predecessor-version":[{"id":307,"href":"https:\/\/yoopies.pl\/c\/wp-json\/wp\/v2\/pages\/304\/revisions\/307"}],"up":[{"embeddable":true,"href":"https:\/\/yoopies.pl\/c\/wp-json\/wp\/v2\/pages\/199"}],"wp:featuredmedia":[{"embeddable":true,"href":"https:\/\/yoopies.pl\/c\/wp-json\/wp\/v2\/media\/306"}],"wp:attachment":[{"href":"https:\/\/yoopies.pl\/c\/wp-json\/wp\/v2\/media?parent=304"}],"curies":[{"name":"wp","href":"https:\/\/api.w.org\/{rel}","templated":true}]}}